 -q. Let f be (2 - -9)*q + -2. What are the prime factors of 1*(1 - 2) - f?
2, 3
Let f = 5 + -3. What are the prime factors of (f + 15)*(0 - -1)?
17
Let l = 17 - 8. Suppose l = k - 17. What are the prime factors of k?
2, 13
Let m = -47 - -27. Let x = m - -34. List the prime factors of x.
2, 7
Let f(l) = l**2 - 8*l - 16. Let p be f(11). Let m = 26 - p. What are the prime factors of m?
3
Suppose -15 - 28 = -f. Let q = -21 + f. Suppose -q = -4*z - 2. What are the prime factors of z?
5
What are the prime factors of (-2)/(-6) + (-142)/(-6)?
2, 3
Let r(s) = 4*s**2 + 8*s + 21. What are the prime factors of r(-4)?
53
Let o be 26/2*(1 - 2). Let z be (0*1/2)/(18 - 17). Let a = z - o. What are the prime factors of a?
13
Let i(c) = c**2 - 4*c + 12. List the prime factors of i(-7).
89
Let b be ((-2)/(-6))/(8/3000). Let v = -72 + b. What are the prime factors of v?
53
Let o(q) = -q - 6. Let w be o(-5). Let a = -57 + 37. List the prime factors of (a + 1)/(-2 - w).
19
Suppose 10 + 5 = -3*z - 3*g, -4*g = -4*z - 60. List the prime factors of (-12)/z*(-20)/(-3).
2
What are the prime factors of 30 - (1 + -9)/4?
2
Suppose -94 = -5*y - 3*z, -y + 3*y + z - 38 = 0. What are the prime factors of y?
2, 5
What are the prime factors of 110 + 1 + (5 - 5)?
3, 37
Let h(g) = -g**2 + 10*g + 4. Let o be h(8). Suppose 4*k + 0*l - 4 = l, -o = -2*k - 4*l. Suppose -18 = -k*r - 6. List the prime factors of r.
2, 3
Let x(q) = 59*q**2 + q. What are the prime factors of x(-1)?
2, 29
Suppose -3*k = -73 - 26. List the prime factors of k.
3, 11
List the prime factors of ((-37 - 2)*-2)/((-4)/(-2)).
3, 13
Let z(s) = -s**2 + 7*s + 8. What are the prime factors of z(6)?
2, 7
Suppose x = -0*x. Suppose x = 3*u + 3*y, u - 18 = -2*u + 3*y. Suppose -u*r - 27 = -4*n, 12 - 33 = -4*n + 5*r. What are the prime factors of n?
3
Let o be ((-10)/20)/((-1)/(-28)). List the prime factors of 32/2 - o/(-7).
2, 7
Suppose 3*r = 73 + 44. What are the prime factors of r?
3, 13
Let m be 2/(-12) + (-349)/(-6). What are the prime factors of (-2)/(-8)*m*2?
29
Let o = -3 - -5. What are the prime factors of ((-4)/(-6))/(o/18)?
2, 3
Let r(c) = 8*c**2 + 7*c + 11. What are the prime factors of r(-4)?
3, 37
Suppose -4*y - 22 = 3*k, -4*y + 7*k = 3*k + 8. Let f = y + 3. Let u = 5 - f. What are the prime factors of u?
2, 3
Let g be 2*-1 + (0 - 16). Let k = -8 - g. List the prime factors of k.
2, 5
Suppose 7*d = 2*d - 500. Let m be (-1)/(-3) + d/12. What are the prime factors of m/20 + 84/10?
2
Suppose u + 5 = 2*d, -2*u + 2*d = -3*d + 15. What are the prime factors of u?
5
List the prime factors of (-98)/(-2)*(1 + 3 - 2).
2, 7
Let c(z) = 3*z - 1 - 1 - z. Suppose -4*y + 3 = -5*k + 34, k + 13 = -4*y. What are the prime factors of c(k)?
2
Let a(y) = y + 8. Let m be a(-8). Suppose -4*j - 3*v = -13, m*j = 2*j - 3*v - 11. Suppose -j + 5 = -4*p + 5*k, -5*p = 4*k - 50. What are the prime factors of p?
2, 3
Let j = 6 + -10. Let s be 2 + 1 + (-2 - j). Suppose c - 12 = -s. List the prime factors of c.
7
Let d(k) = k**3 - k**2 - 3. Suppose h - 2*h - 10 = -3*f, -h = 1. What are the prime factors of d(f)?
3, 5
Let z = 59 + -40. What are the prime factors of z?
19
Suppose -k + 20 = -6*k. Let z be (-4)/(3/(6/k)). Suppose -2*d + o = -0*o - 18, -14 = -d - z*o. What are the prime factors of d?
2, 5
Suppose 3*k = -6, 5*t = -0*t - 3*k + 279. Suppose 38 = 5*q - t. List the prime factors of q.
19
Let t(v) = -3*v + 2. List the prime factors of t(-4).
2, 7
Suppose 14 = -2*q + 3*q. Suppose 2*t - q = -0*t. Suppose r + 3*d + t = 0, r - d = 2*d + 11. What are the prime factors of r?
2
Suppose -g = -0*g. Suppose g = 5*j - 2*u - 38, -4*j - 3*u + 34 = -u. What are the prime factors of 62/j + 2/8?
2
Let b(a) = -2*a**2 + 8*a - 5. Let x be b(5). Let h(y) = y**3 + 6*y**2 - 4. Let p be h(-4). Let g = p + x. What are the prime factors of g?
13
Suppose 2*w - 5*x = 28, 4*w + 2*x - 3*x = 56. Suppose 0*p + 70 = 5*n + 3*p, -n + 5*p = w. List the prime factors of n.
11
Let b(m) be the third derivative of m**6/120 - m**5/10 + 5*m**4/24 + m**3 + 4*m**2. Let t be b(5). What are the prime factors of 64/6 + t/18?
11
Let n = 41 + -28. What are the prime factors of (n/(-3)*-3)/1?
13
Let u = 8 - 1. Let v = 18 - u. List the prime factors of v.
11
Let i(b) = -b**3 + 4*b**2 + 3*b - 3. Let y be (-2)/(-3) - (-12)/9. Suppose 5*c + 0*c = -15, o - y*c - 10 = 0. What are the prime factors of i(o)?
3
Suppose -21*c + 77 = -20*c. What are the prime factors of c?
7, 11
Suppose 3*z - 60 = 2*l, -2*z + 5*l = 2*l - 35. List the prime factors of z.
2, 11
Let q = -31 + 55. List the prime factors of q.
2, 3
Let v(b) = 13*b - 5. What are the prime factors of v(2)?
3, 7
Let o be 15 - (3 - 2 - -1). Let s(q) = -q - 7. Let b be s(-7). Suppose b = k - o. List the prime factors of k.
13
Let v(h) = h + 1. Let k be v(-2). Let j = 3 - k. Suppose -3*z + j*z = -1, 2*z = 4*w - 34. List the prime factors of w.
2
Let q(f) = f**2 + 5*f. What are the prime factors of q(-8)?
2, 3
Let s be -1*(-1 + (0 - 2)). Suppose 2*w + 9 = s*w. List the prime factors of -4*(w/(-3))/6.
2
Let u = -12 + -2. What are the prime factors of (-1)/7 - 72/u?
5
Let q(n) = -n**2 - 8*n - 3. Let u = -9 + 4. What are the prime factors of q(u)?
2, 3
Suppose -19 = -h - 10. What are the prime factors of h?
3
Let n be 20/6*9/5. Let c(t) be the third derivative of t**4/8 + t**3/2 + t**2. What are the prime factors of c(n)?
3, 7
Let h(o) = o**3 + 3*o**2 - 6*o - 5. Let q be h(-4). Suppose 4*l - q*u = 17, -6 + 0 = 2*u. Suppose 0 = 2*j + l*j - 44. What are the prime factors of j?
11
List the prime factors of 309*(-16)/(-60) + 6/(-15).
2, 41
List the prime factors of (-1376)/(-176) + 2/11.
2
Let u be 4/8 - 81/(-2). Let a = u + -22. What are the prime factors of a?
19
Suppose -4*u + 6*u - 104 = 0. What are the prime factors of u?
2, 13
Let n be 16/(-6)*(-63)/28. Let p = -5 + n. Suppose -y = -2*c + 15, -p - 2 = -c - 4*y. What are the prime factors of c?
7
Suppose -6 = -3*z + z. Suppose 10 = -l + z*l. List the prime factors of l.
5
Let h be 0 + -2 + (-6)/(-1). Let a(j) = -j**3 + 4*j**2 + 2*j - 5. Let f be a(h). Let n = 6 + f. What are the prime factors of n?
3
Let s(k) be the first derivative of -k**4/4 + 2*k**3/3 + 2*k**2 - k - 1. What are the prime factors of s(3)?
2
Let l be 4/(-2)*(2 + -3). Suppose -4*y + l*b + 208 = 0, -3*y + 2*b + 173 = 18. What are the prime factors of y?
53
Let m be (-3 + -7)*(-4)/10. Suppose 0 = 3*q - m*q + 2. Suppose -c + 1 = -q. List the prime factors of c.
3
Suppose -3*f + 5*v = -502, -6 = -0*v + 3*v. What are the prime factors of f?
2, 41
Let m be 2/4 + 2/(-4). Suppose m = -2*b + 3*a + 9, -b = 5*a + 2. What are the prime factors of b?
3
Let d(w) = w**2 + 2*w + 1. Let g be d(-2). Let h = 30 - g. List the prime factors of h.
29
Let f be 12*(6*-2)/(-4). What are the prime factors of f/20*(0 + 5)?
3
What are the prime factors of (-2)/(-9) + (-2418)/(-54)?
3, 5
Let d(y) = 2*y**3 - 5*y**2 + 3*y + 2. Let c(q) = -q**2 - 6*q + 10. Let u be c(-7). Let l be d(u). Let m = -7 + l. List the prime factors of m.
13
Let l(p) be the second derivative of p**4/3 + p**3/6 + p**2/2 - 2*p. List the prime factors of l(-2).
3, 5
Let g(d) be the second derivative of d**6/720 - d**5/60 - d**4/6 + d. Let l(t) be the third derivative of g(t). List the prime factors of l(7).
5
Let a(b) = 3*b**2 - 3*b + 7. What are the prime factors of a(3)?
5
What are the prime factors of ((-42)/(-9))/((-4)/(-48))?
2, 7
Suppose -4*n = -9 - 7. Let g(i) = i**2 - i + 4. List the prime factors of g(n).
2
Suppose 3*z = -3*j - 0*j + 177, 111 = 2*j - 5*z. List the prime factors of j.
2, 29
Let y(z) = -z - 6. Let j be y(-5). Let p = 1 - j. Suppose -2*k + 48 = p*k. What are the prime factors of k?
2, 3
Suppose 3*m - 8 = 4*m. Let w be (-1)/(-1) + m/(-1). Suppose -3*p = -0 - w. What are the prime factors of p?
3
Suppose 0 = -5*f + f + 4, -5*f = 5*b + 25. Let h = 9 - b. What are the prime factors of h?
3, 5
Let f be 4 - ((-4)/(-2) - 1). Let n = -21 + 25. Suppose -n*w = -3*d - 51, f*w - 3*d = -4*d + 48. What are the prime factors of w?
3, 5
Let c be 3/(-6)*-6 - 1. Let z(l) = c + 3*l + 0 + 0 - l**2 - 2*l**3. What are the prime factors of z(-2)?
2
Suppose 10 = 5*m - 3*h + 8*h, 2*m + h = 8. Suppose -m*c + c = -230. List the prime factors of c.
2, 23
Let a(p) = -p**3 + 2*p**2 - 6*p - 